t is 4 + (-1 - (3 - 2) - -1)?
3
What is -6 + 0 + 6 + -3 + 1?
-2
What is the value of -10 + (4 - -7 - -6)?
7
What is (-1 - 1) + (22 - 20)?
0
What is the value of 4 + -1 + 1 - (-3 + 9)?
-2
Evaluate 4 + -2 + -4 + 0.
-2
Calculate -17 + 11 + (4 - 3).
-5
7 + -10 + 1 + -1
-3
What is the value of (2 - (-5 - -6)) + -4?
-3
What is the value of -1 - 0 - (2 + -5)?
2
-12 + (11 - 2 - (15 + -11))
-7
What is the value of -2 + -1 + -2 + 7 + -3?
-1
What is the value of (2 - (4 - 13)) + -5?
6
Evaluate (8 - 5) + (4 - 2 - 6).
-1
Evaluate 6 + -8 - (-1 - -2) - 2.
-5
What is 8 + -3 - (-5 - -10) - 1?
-1
2 + 6 + -36 + 22
-6
Evaluate -40 + 49 + -11 + 0.
-2
Calculate (-2 - -2) + -4 + 8 + 0.
4
2 + 0 - (8 + -8 + 7)
-5
Evaluate -2 + (-4 - 0) + 8.
2
What is the value of -3 - ((-1 - 0) + -5)?
3
Evaluate 1 + (-2 - (0 - -5)).
-6
Calculate 0 - -6 - (4 + (9 - 9)).
2
-4 - (1 - ((3 - 0) + 2))
0
What is 13 + -7 - (0 + 1)?
5
What is the value of -4 - (4 + (-13 + 3 - 0))?
2
Evaluate -4 + (-1 + 4 + 0 - -5).
4
7 - (7 + -5 + (1 - -4))
0
-4 + (2 - 0) + -2 + 4
0
What is 9 + -9 - (2 + 2)?
-4
Evaluate -12 - ((-14 - -8) + -6).
0
Evaluate 16 + -3 + (-17 - 4).
-8
0 - 1 - ((1 - -8) + -11)
1
Calculate (-1 - -6) + 4 + -6 + -3.
0
What is -3 - 0 - -6 - 4?
-1
What is 3 + (-5 - 4) + 3?
-3
What is the value of 4 - 6 - (2 + -5 - -6)?
-5
Calculate -13 - (12 + (4 - 39)).
10
-3 + 6 + 2 + (1 - -1)
7
What is the value of (-4 - -2) + 5 + -1 + 1?
3
Evaluate -1 - (15 - (5 + 6)).
-5
-10 - (-8 - -2 - 8)
4
(2 - 1 - 3) + -7 + -1
-10
Evaluate -4 - (-5 + 3) - 4 - 1.
-7
What is -9 - (-11 - (-5 + -3))?
-6
What is 1 + 1 - (15 + -10)?
-3
Evaluate 2 - (-1 + 3 + -3).
3
Evaluate -11 - (15 - 6 - 12).
-8
(0 + 8 - -4) + (-6 - 0)
6
What is -15 + 16 - (0 + 6)?
-5
Calculate (5 - 4 - -2) + 5.
8
2 + -4 - ((-3 - -1) + 1)
-1
Calculate 19 + -20 + 3 + (-7 - 2).
-7
36 + -26 + -14 + -2
-6
What is (-7 - -8) + 1 + (1 - 1)?
2
What is 20 - (24 - (24 - 11))?
9
-13 + (0 - (4 + -11))
-6
What is the value of 3 + -6 + 2 + (-4 - -6)?
1
Evaluate (3 - 1 - -2) + -2 + 1.
3
Evaluate 3 + 3 - 6 - -3.
3
Calculate 4 + 3 + (-3 - 1).
3
What is the value of 0 + (-4 - (-4 + 5) - -1)?
-4
5 - ((2 - -1) + 10 + -10)
2
Evaluate 2 + (-4 - 0) - -3.
1
2 + (4 - (-3 + 4))
5
What is the value of 1 + -1 - (0 - 1)?
1
Calculate (-7 + 7 - -2) + (-3 - 1).
-2
Evaluate -4 + (1 - 3) - -3 - -1.
-2
What is 0 + 0 - (-2 + 0)?
2
Evaluate -1 + (10 - 5) + 1.
5
Calculate (-1 + -1 - 1) + -1.
-4
Evaluate -11 + 4 + 4 + -1 + -1.
-5
What is the value of (-4 - -8) + -8 + (-1 - -6)?
1
(-7 - (-1 - 3)) + 6
3
What is the value of 4 + (0 - (6 - -4))?
-6
(-3 - 0 - -8) + (1 - 2)
4
Calculate -1 - (3 + 1 + -3 + -2).
0
What is (1 - -5) + -4 - -5?
7
Evaluate (5 - 0) + (-4 - (0 + -2)).
3
Calculate -4 + -1 - (-5 + 2).
-2
Calculate 1 - -5 - 11 - 2.
-7
What is the value of 0 + (2 - 1 - -3)?
4
Evaluate 5 - (2 - 3) - (3 - 5).
8
Calculate 3 + (-18 - -5) - -8.
-2
11 + -7 - 1 - (3 + 1)
-1
What is (-1 + -4 + 3 - -3) + 0?
1
Evaluate (41 - 51) + (12 - 3).
-1
11 + -9 - (2 + -5 - -3)
2
What is (-5 - 1) + 3 + (-1 - -4)?
0
What is the value of 1 - (-5 - 0 - (-11 + 9))?
4
Calculate 42 + -48 - (-1 - (1 + 1)).
-3
What is the value of (-1 - 2 - (51 - 45)) + 8?
-1
Calculate 3 - 0 - (-8 - -12).
-1
Calculate -4 + (2 - -7) - (-2 + 5).
2
What is the value of 4 + (-4 - (3 - 3))?
0
(-3 - -13) + -20 - -20
10
What is the value of 19 + -19 - (-2 + 1 - 0)?
1
Evaluate -23 + 6 + 6 - -10.
-1
What is the value of (-17 - -16 - (1 - 4)) + -1?
1
Evaluate 0 + (10 + -4 - 1).
5
What is the value of 3 - (2 + 1 + -3 + 7)?
-4
What is the value of -5 + (11 - 11) - -12?
7
Evaluate -4 - (3 + -5 + -1).
-1
Evaluate 0 - (2 + -3) - (-3 - 3).
7
Evaluate (-16 - -13) + (1 - 2).
-4
Evaluate 2 + (1 + 1 - (-1 + 3)).
2
Evaluate -5 + 2 + (37 - 35).
-1
Evaluate 1 + 3 + -8 + 2.
-2
What is 4 + -11 + 5 + 0 + 5?
3
What is the value of 1 - (-4 - ((0 - 0) + -1))?
4
What is the value of 1 + 5 - (-7 + 12 - 3)?
4
Evaluate -7 + (5 + -16 - -6) + 6.
-6
-6 + 2 + 6 + 2 - 4
0
What is (9 + (3 - 9) - -6) + -4?
5
What is the value of (0 - -4 - -2) + -4 + -1?
1
0 - (1 - 1) - (-4 - 1)
5
Calculate (1 + 5 - 0) + -5.
1
Calculate (24 - 7) + -2 + -6.
9
What is the value of -4 - 0 - (22 + -24)?
-2
Evaluate -2 + (-1 + 2 - 2) + 0.
-3
What is the value of (2 + -6 - 1) + 14?
9
What is (-92 - -93) + 8 + 0?
9
Calculate 13 - ((0 - 3) + 9).
7
What is -9 - (-5 + 5 - 5)?
-4
What is (-7 - (15 - 12)) + 15?
5
Calculate -5 + 9 + -5 - (-1 - 0).
0
Evaluate (-11 - -6) + 6 - (1 - 2).
2
Calculate 5 - 2 - (0 + -1 - 0).
4
Evaluate -1 - (-5 + (6 - 4)) - -7.
9
2 + (-2 - ((8 - 6) + -2))
0
Calculate -8 - 2 - -7 - -6.
3
-8 - (-1 - 0) - (-2 - 2)
-3
-10 + 6 + -2 + 6 + 1
1
What is the value of -4 - (-6 - -2 - 4)?
4
What is the value of 2 + 12 + 31 + -41?
4
Calculate -7 + 6 + 7 + -6.
0
What is 148 - 150 - (1 - -1 - 4)?
0
-7 + -1 + (4 - 7) + 3
-8
Evaluate -4 + 1 - (-4 + (-7 - -12)).
-4
Calculate (-2 + 3 + 1 - -3) + -5.
0
Calculate 1 + 0 + (15 - 7 - 16).
-7
Calculate -3 + -1 + 4 + -4 + 9.
5
What is the value of -7 + -5 + (8 + -3 - -7)?
0
What is (-3 + 0 - -1) + 4?
2
What is (-2 - (-1 + (-2 - -3))) + 3?
1
19 + -20 - ((2 - 0) + -9)
6
Calculate 5 - (6 - 0 - 3).
2
Calculate 0 - (3 + 2 + 1).
-6
Calculate 2 - (5 + -13 + 5).
5
Evaluate (-7 - -5) + -2 - (-3 + -2).
1
What is 0 - ((-1 - 0) + -3)?
4
Calculate -6 + (3 - (-4 - -1)).
0
Evaluate 0 - (5 - (-2 - -4)).
-3
What is the value of 1 + (-2 + 0 - (-3 + 1))?
1
Evaluate 6 - (10 + (-10 - -1)).
5
What is the value of 0 + -5 + -148 + 154?
1
What is -3 - (-3 + 12 - (7 - 2))?
-7
What is -2 - 6 - -4 - (0 - -2)?
-6
(4 - (-1 - -2)) + -4 + 4
3
Calculate (7 - 1) + (6 - 10).
2
Calculate -2 + (5 + 0 + -5 - 2).
-4
2 - (7 + -4 + 6 - -1)
-8
What is the value of 8 - 4 - (3 + -2)?
3
Evaluate -6 - ((1 - -2) + -10).
1
What is the value of -3 + -14 + (-6 - -16)?
-7
Calculate -5 + 2 + 8 + -8 + 7.
4
What is the value of 2 + 2 + (1 - 0)?
5
Calculate -8 + (21 - 8) - 13 - -8.
0
What is -13 - (3 + -9) - -4?
-3
6 + -2 + 5 + -5
4
Calculate -3 + (5 - 6) + -2 + 6.
0
Calculate (-2 - (13 - 13)) + 12.
10
7 - (3 + (-2 - -3))
3
Evaluate (-7 - (-6 - 0)) + -1.
-2
What is the value of 1 + (-10 - -14) + 0 + 0?
5
What is the value of 2 - (-2 + -1 + 0 + 2)?
3
What is 0 + -2 - 1 - (2 + -3)?
-2
4 + -1 - (-8 - -6 - -5)
0
Evaluate -5 + -4 + 13 - (1 + 8).
-5
What is 0 + -4 + (-9 - -7)?
-6
Evaluate -6 + (5 - (5 - 6)) + -3.
-3
Evaluate 2 - ((-3 - -4) + 2).
-1
-6 + 13 + (-4 - -3 - -2)
8
What is the value of 0 + 2 + -1 - -1?
2
What is 1 + -8 + (-4 - -11)?
0
Calculate (-7 - 6) + 10 - -9.
6
9 - 6 - 0 - -3
6
Evaluate 0 + (4 - 0) - (-347 - -345).
6
Evaluate -2 + (14 - 0 - 3).
9
(3 - 6) + 0 - -1
-2
Evaluate 0 + (0 - -1) - (15 - 17).
3
Evaluate -2 + 4 + (-4 - (-3 - 1)).
2
Evaluate -4 + (1 + -1 - -2).
-2
Evaluate -7 - -4 - (-4 + (-4 - -4)).
1
Evaluate 2 + -2 + 4 - (11 - 9).
2
What is 3 - (2 + 1 - (-14 - -19))?
5
(1 + 0 - (-4 + 5)) + 2
2
What is (6 - 3) + 1 + -3?
1
-4 + 13 + (-13 + 6 - -1)
3
Calculate 5 + (4 + -8 - -2).
3
Evaluate -12 + 4 + (7 - (5 - 2)).
-4
What is the value of -4 - (-6 + -1 - (7 - 11))?
-1
Evaluate -4 - ((5 + -3 - 2) + -1).
-3
Evaluate -5 - (-8 - (0 - 7)).
-4
Calculate -1 - -1 - (-15 + 17) - -5.
3
Evaluate -2 - (0 - (-7 + 4)).
-5
(4 - 0) + 3 - (42 + -25)
-10
Calculate 4 + 10 - (-14 + 21).
7
What is -12 + 0 + 1 + 3 + 4?
-4
What is the value of 4 + (-2 - (-7 - -4))?
5
What is the value of -4 + 4 + (2 - -5)?
7
Calculate 5 + 0 + (38 - 35) + -15.
-7
What is 8 - 2 - (6 - (2 - 0))?
2
Calculate (-5 - -5) + -7 - (1 - 3).
-5
What is -2 + 6 + (-7 - -1) + 9?
7
-9 - (-12 + -3 + 5)
1
Evaluate (0 - (0 - -4)) + (5 - 1).
0
Calculate 7 - 1 - (0 + 3).
3
Calculate -3 - (-2 + -4 + 1).
2
What is the value of -3 + 0 - (-32 - -31)?
-2
Calculate 3 - ((3 - 3) + (-1 - -3)).
1
Evaluate (1 - 2) + 27 + -4 + -19.
3
Calculate 5 - (-5 - (-20 + 9)).
-1
What is the value of (9 - 5) + 0 + -8?
-4
Evaluate (0 - -3) + (0 - (6 - 8)).
5
0 - 4 - (-1 - 1)
-2
What is -4 + -2 + -3 + 3 - -4?
-2
What is 4 - ((2 - 3) + 4 - -1)?
0
Calculate 0 + 4 - (5 - 4).
3
Calculate (10 - 2) + 0 - 12.
-4
What is 0 - -3 - (-8 - -12)?
-1
(0 - (2 - 0)) + (9 - 0)
7
-2 - (4 - (-7 - (0 + -18)))
5
Calculate (-9 - -1) + 27 + -21 + 5.
3
Evaluate -8 - (-9 + -3 + 14).
-10
Calculate (-1 - -10) + (-8 - -4).
5
Evaluate 13 - (-1 - -7 - -1).
6
Calculate 7 + -6 + -1 - 3.
-3
5 + -3 + (-7 - -